36817?
11, 3347
What are the prime factors of 564?
2, 3, 47
What are the prime factors of 3353?
7, 479
What are the prime factors of 1186?
2, 593
List the prime factors of 19920.
2, 3, 5, 83
What are the prime factors of 10493?
7, 1499
What are the prime factors of 956?
2, 239
List the prime factors of 121638.
2, 3, 11, 19, 97
List the prime factors of 4499.
11, 409
What are the prime factors of 63864?
2, 3, 887
What are the prime factors of 6140?
2, 5, 307
What are the prime factors of 1660?
2, 5, 83
What are the prime factors of 1096?
2, 137
What are the prime factors of 98274?
2, 3, 11, 1489
What are the prime factors of 2298?
2, 3, 383
List the prime factors of 1195.
5, 239
What are the prime factors of 9468?
2, 3, 263
What are the prime factors of 1368?
2, 3, 19
What are the prime factors of 192?
2, 3
What are the prime factors of 7424?
2, 29
What are the prime factors of 9039?
3, 23, 131
List the prime factors of 4834.
2, 2417
What are the prime factors of 86941?
227, 383
List the prime factors of 1897.
7, 271
What are the prime factors of 2576?
2, 7, 23
What are the prime factors of 7456?
2, 233
What are the prime factors of 1079?
13, 83
List the prime factors of 25252.
2, 59, 107
List the prime factors of 5174.
2, 13, 199
List the prime factors of 907.
907
List the prime factors of 16678.
2, 31, 269
What are the prime factors of 100768?
2, 47, 67
What are the prime factors of 80185?
5, 7, 29, 79
What are the prime factors of 2898?
2, 3, 7, 23
List the prime factors of 1521.
3, 13
What are the prime factors of 181?
181
What are the prime factors of 590?
2, 5, 59
What are the prime factors of 2172?
2, 3, 181
What are the prime factors of 52012?
2, 13003
List the prime factors of 5359.
23, 233
List the prime factors of 7707.
3, 7, 367
What are the prime factors of 9771?
3, 3257
List the prime factors of 26.
2, 13
List the prime factors of 9363.
3, 3121
What are the prime factors of 4889?
4889
List the prime factors of 1759.
1759
List the prime factors of 31853.
53, 601
What are the prime factors of 9411?
3, 3137
What are the prime factors of 2327?
13, 179
What are the prime factors of 44410?
2, 5, 4441
List the prime factors of 2381.
2381
What are the prime factors of 4181?
37, 113
What are the prime factors of 87368?
2, 67, 163
List the prime factors of 2402.
2, 1201
List the prime factors of 32484.
2, 3, 2707
List the prime factors of 4023.
3, 149
List the prime factors of 5115.
3, 5, 11, 31
List the prime factors of 30551.
137, 223
List the prime factors of 27037.
19, 1423
What are the prime factors of 1000?
2, 5
What are the prime factors of 1469?
13, 113
What are the prime factors of 2819?
2819
What are the prime factors of 64408?
2, 83, 97
List the prime factors of 3048.
2, 3, 127
What are the prime factors of 45657?
3, 19, 89
List the prime factors of 67275.
3, 5, 13, 23
What are the prime factors of 2049?
3, 683
What are the prime factors of 112?
2, 7
List the prime factors of 2088.
2, 3, 29
List the prime factors of 3329.
3329
What are the prime factors of 9109?
9109
List the prime factors of 3000.
2, 3, 5
List the prime factors of 1287.
3, 11, 13
What are the prime factors of 17275?
5, 691
List the prime factors of 153166.
2, 13, 43, 137
What are the prime factors of 5703?
3, 1901
List the prime factors of 6238.
2, 3119
What are the prime factors of 1894?
2, 947
What are the prime factors of 10203?
3, 19, 179
What are the prime factors of 73?
73
What are the prime factors of 7966?
2, 7, 569
List the prime factors of 6140.
2, 5, 307
List the prime factors of 1619.
1619
List the prime factors of 8736.
2, 3, 7, 13
List the prime factors of 5071.
11, 461
List the prime factors of 624.
2, 3, 13
List the prime factors of 869.
11, 79
List the prime factors of 3208.
2, 401
List the prime factors of 17330.
2, 5, 1733
What are the prime factors of 81949?
7, 23, 509
What are the prime factors of 1374?
2, 3, 229
What are the prime factors of 3539?
3539
What are the prime factors of 60086?
2, 13, 2311
List the prime factors of 1176.
2, 3, 7
List the prime factors of 5894.
2, 7, 421
What are the prime factors of 47?
47
What are the prime factors of 6226?
2, 11, 283
List the prime factors of 10652.
2, 2663
List the prime factors of 13451.
13451
List the prime factors of 13395.
3, 5, 19, 47
List the prime factors of 47604.
2, 3, 3967
List the prime factors of 6688.
2, 11, 19
What are the prime factors of 4909?
4909
What are the prime factors of 2403?
3, 89
List the prime factors of 58108.
2, 73, 199
List the prime factors of 6782.
2, 3391
What are the prime factors of 221?
13, 17
List the prime factors of 2112.
2, 3, 11
What are the prime factors of 40220?
2, 5, 2011
What are the prime factors of 56362?
2, 28181
List the prime factors of 15637.
19, 823
What are the prime factors of 29305?
5, 5861
List the prime factors of 30364.
2, 7591
What are the prime factors of 48139?
7, 13, 23
What are the prime factors of 93964?
2, 13, 139
List the prime factors of 149112.
2, 3, 19, 109
List the prime factors of 690.
2, 3, 5, 23
What are the prime factors of 76223?
7, 10889
List the prime factors of 10402.
2, 7, 743
List the prime factors of 6444.
2, 3, 179
List the prime factors of 61240.
2, 5, 1531
List the prime factors of 1968.
2, 3, 41
What are the prime factors of 19603?
19603
What are the prime factors of 176?
2, 11
List the prime factors of 4747.
47, 101
List the prime factors of 677.
677
List the prime factors of 5261.
5261
What are the prime factors of 830?
2, 5, 83
List the prime factors of 401.
401
List the prime factors of 14472.
2, 3, 67
What are the prime factors of 79578?
2, 3, 4421
List the prime factors of 71859.
3, 17, 1409
List the prime factors of 17733.
3, 23, 257
What are the prime factors of 9254?
2, 7, 661
List the prime factors of 13150.
2, 5, 263
List the prime factors of 9522.
2, 3, 23
What are the prime factors of 3218?
2, 1609
What are the prime factors of 729?
3
What are the prime factors of 7390?
2, 5, 739
What are the prime factors of 12065?
5, 19, 127
List the prime factors of 613.
613
What are the prime factors of 4421?
4421
List the prime factors of 99.
3, 11
List the prime factors of 757.
757
What are the prime factors of 1625?
5, 13
List the prime factors of 1251.
3, 139
What are the prime factors of 74944?
2, 1171
What are the prime factors of 1109?
1109
What are the prime factors of 408?
2, 3, 17
What are the prime factors of 4327?
4327
What are the prime factors of 2563?
11, 233
What are the prime factors of 781?
11, 71
What are the prime factors of 60?
2, 3, 5
List the prime factors of 924.
2, 3, 7, 11
List the prime factors of 1128.
2, 3, 47
List the prime factors of 2364.
2, 3, 197
List the prime factors of 762.
2, 3, 127
List the prime factors of 4415.
5, 883
What are the prime factors of 5479?
5479
List the prime factors of 1852.
2, 463
List the prime factors of 55252.
2, 19, 727
List the prime factors of 889.
7, 127
List the prime factors of 1430.
2, 5, 11, 13
What are the prime factors of 10889?
10889
List the prime factors of 20085.
3, 5, 13, 103
List the prime factors of 2874.
2, 3, 479
What are the prime factors of 28122?
2, 3, 43, 109
List the prime factors of 69193.
69193
List the prime factors of 2002.
2, 7, 11, 13
What are the prime factors of 9546?
2, 3, 37, 43
List the prime factors of 924.
2, 3, 7, 11
What are the prime factors of 1946?
2, 7, 139
List the prime factors of 1426.
2, 23, 31
List the prime factors of 395.
5, 79
List the prime factors of 678.
2, 3, 113
What are the prime factors of 73089?
3, 2707
List the prime factors of 3371.
3371
List the prime factors of 104043.
3, 79, 439
What are the prime factors of 1282?
2, 641
List the prime factors of 28619.
28619
What are the prime factors of 266?
2, 7, 19
What are the prime factors of 17382?
2, 3, 2897
List the prime factors of 207.
3, 23
List the prime factors of 97123.
13, 31, 241
List the prime factors of 306.
2, 3, 17
List the prime factors of 5459.
53, 103
What are the prime factors of 1870?
2, 5, 11, 17
List the prime factors of 300.
2, 3, 5
List the prime factors of 7818.
2, 3, 1303
List the prime factors of 896.
2, 7
List the prime factors of 69069.
3, 7, 11, 13, 23
What are the prime factors of 1433?
1433
What are the prime fa